{"id":88,"date":"2014-11-05T20:36:59","date_gmt":"2014-11-05T18:36:59","guid":{"rendered":"http:\/\/eerokoppala.com\/projects\/anu\/?page_id=88"},"modified":"2020-10-07T17:39:08","modified_gmt":"2020-10-07T14:39:08","slug":"harkitsetko-terapiaa","status":"publish","type":"page","link":"http:\/\/anunikkila.fi\/?page_id=88","title":{"rendered":"Harkitsetko terapiaa?"},"content":{"rendered":"<h2>HARKITSETKO TERAPIAA?<\/h2>\n<p><img loading=\"lazy\" decoding=\"async\" class=\"aligncenter size-full wp-image-99\" src=\"http:\/\/anunikkila.fi\/wp-content\/uploads\/2014\/11\/content-img3.jpg\" alt=\"SONY DSC\" width=\"900\" height=\"338\" srcset=\"http:\/\/anunikkila.fi\/wp-content\/uploads\/2014\/11\/content-img3.jpg 900w, http:\/\/anunikkila.fi\/wp-content\/uploads\/2014\/11\/content-img3-300x112.jpg 300w, http:\/\/anunikkila.fi\/wp-content\/uploads\/2014\/11\/content-img3-705x264.jpg 705w, http:\/\/anunikkila.fi\/wp-content\/uploads\/2014\/11\/content-img3-450x169.jpg 450w\" sizes=\"auto, (max-width: 900px) 100vw, 900px\" \/><\/p>\n<p><strong>( HYV\u00c4 TERVEYS 10\/2014)<\/strong><\/p>\n<p><em>&#8211; Kauanko ongelma on jatkunut? Onko vointisi muuttunut viime aikoina?<br \/>\n&#8211; Onko l\u00e4hipiirisi huolissaan jaksamisestasi?<br \/>\n&#8211; Onko sinulla h\u00e4iritsev\u00e4\u00e4, toistuvaa k\u00e4ytt\u00e4ytymist\u00e4 tai ajatuksia, joista et p\u00e4\u00e4se eroon?<br \/>\n&#8211; Pystytk\u00f6 rentoutumaan?<br \/>\n&#8211; Onko sinulla fyysisi\u00e4 stressioireita, kuten univaikeuksia tai puristavaa tunnetta rinnassa?<br \/>\n&#8211; Haittaavatko oireet ihmissuhteita ja arjessa selviytymist\u00e4?<br \/>\n&#8211; Onko el\u00e4m\u00e4ntilanteesi suhteellisen rauhallinen, jotta pystyt sitoutumaan terapiaan?<\/em><\/p>\n<p>Kerran viikossa tapahtuva keskustelu terapeutin kanssa yleens\u00e4 helpottaa ja olo alkaa muuttua parempaan suuntaan. On kuitenkin t\u00e4rke\u00e4 tiedostaa my\u00f6s se, ett\u00e4 terapia ei ole ihmel\u00e4\u00e4ke eik\u00e4 pelkk\u00e4 ammattilaisen l\u00e4sn\u00e4olo tee terveeksi. Suurin osa muutoksesta tapahtuu terapiavastaanoton ulkopuolella. Terapian tarkoituksena on sys\u00e4t\u00e4 liikkeelle ne voimat, jotka motivoivat sinua muuttumaan ja muuttamaan omaa arkeasi.<\/p>\n<p>Psykoterapia on satsaus omaan hyvinvointiisi!<\/p>\n","protected":false},"excerpt":{"rendered":"<p>HARKITSETKO TERAPIAA? ( HYV\u00c4 TERVEYS 10\/2014) &#8211; Kauanko ongelma on jatkunut? Onko vointisi muuttunut viime aikoina? &#8211; Onko l\u00e4hipiirisi huolissaan jaksamisestasi? &#8211; Onko sinulla h\u00e4iritsev\u00e4\u00e4, toistuvaa k\u00e4ytt\u00e4ytymist\u00e4 tai ajatuksia, joista et p\u00e4\u00e4se eroon? &#8211; Pystytk\u00f6 rentoutumaan? &#8211; Onko sinulla fyysisi\u00e4 stressioireita, kuten univaikeuksia tai puristavaa tunnetta rinnassa? &#8211; Haittaavatko oireet ihmissuhteita ja arjessa selviytymist\u00e4? &#8211; [&hellip;]<\/p>\n","protected":false},"author":1,"featured_media":0,"parent":0,"menu_order":0,"comment_status":"closed","ping_status":"open","template":"","meta":{"footnotes":""},"class_list":["post-88","page","type-page","status-publish","hentry"],"_links":{"self":[{"href":"http:\/\/anunikkila.fi\/index.php?rest_route=\/wp\/v2\/pages\/88","targetHints":{"allow":["GET"]}}],"collection":[{"href":"http:\/\/anunikkila.fi\/index.php?rest_route=\/wp\/v2\/pages"}],"about":[{"href":"http:\/\/anunikkila.fi\/index.php?rest_route=\/wp\/v2\/types\/page"}],"author":[{"embeddable":true,"href":"http:\/\/anunikkila.fi\/index.php?rest_route=\/wp\/v2\/users\/1"}],"replies":[{"embeddable":true,"href":"http:\/\/anunikkila.fi\/index.php?rest_route=%2Fwp%2Fv2%2Fcomments&post=88"}],"version-history":[{"count":4,"href":"http:\/\/anunikkila.fi\/index.php?rest_route=\/wp\/v2\/pages\/88\/revisions"}],"predecessor-version":[{"id":344,"href":"http:\/\/anunikkila.fi\/index.php?rest_route=\/wp\/v2\/pages\/88\/revisions\/344"}],"wp:attachment":[{"href":"http:\/\/anunikkila.fi\/index.php?rest_route=%2Fwp%2Fv2%2Fmedia&parent=88"}],"curies":[{"name":"wp","href":"https:\/\/api.w.org\/{rel}","templated":true}]}}